64058?
2, 7, 431, 1237
What are the prime factors of 21250934?
2, 31, 342757
List the prime factors of 135535.
5, 27107
List the prime factors of 174622.
2, 7, 12473
What are the prime factors of 70769?
70769
List the prime factors of 5262552.
2, 3, 73091
List the prime factors of 22319.
11, 2029
What are the prime factors of 16407872?
2, 13, 37, 41
List the prime factors of 146754.
2, 3, 31, 263
List the prime factors of 1257884.
2, 157, 2003
List the prime factors of 16554423.
3, 5518141
What are the prime factors of 10687697?
691, 15467
List the prime factors of 5051138.
2, 2525569
What are the prime factors of 1966408?
2, 23, 10687
List the prime factors of 37845.
3, 5, 29
List the prime factors of 1192144.
2, 74509
What are the prime factors of 2998779?
3, 7, 142799
What are the prime factors of 2944835?
5, 373, 1579
What are the prime factors of 527763?
3, 19, 47, 197
List the prime factors of 332659.
29, 11471
List the prime factors of 6036818.
2, 127, 23767
What are the prime factors of 1437851?
1437851
What are the prime factors of 436895?
5, 59, 1481
List the prime factors of 1770458.
2, 19, 46591
What are the prime factors of 8467926?
2, 3, 283, 4987
List the prime factors of 1883796.
2, 3, 179, 877
What are the prime factors of 1147151?
149, 7699
List the prime factors of 9675035.
5, 1935007
List the prime factors of 22530023.
67, 163, 2063
List the prime factors of 216426.
2, 3, 7, 5153
List the prime factors of 4505872.
2, 7, 40231
What are the prime factors of 707779?
23, 30773
List the prime factors of 4783412.
2, 71, 16843
What are the prime factors of 58171?
58171
What are the prime factors of 2307981?
3, 13, 23, 31, 83
List the prime factors of 70448.
2, 7, 17, 37
List the prime factors of 899429.
899429
List the prime factors of 1779046.
2, 19, 46817
List the prime factors of 5006883.
3, 7, 238423
What are the prime factors of 11139160?
2, 5, 278479
List the prime factors of 8256552.
2, 3, 53, 6491
What are the prime factors of 8875118?
2, 7, 633937
What are the prime factors of 851235?
3, 5, 7, 11, 67
What are the prime factors of 12474965?
5, 2494993
What are the prime factors of 131764?
2, 32941
What are the prime factors of 6505217?
2351, 2767
What are the prime factors of 9304128?
2, 3, 29, 557
What are the prime factors of 3108479?
11, 282589
List the prime factors of 1814836.
2, 453709
What are the prime factors of 85384?
2, 13, 821
What are the prime factors of 60018?
2, 3, 7, 1429
List the prime factors of 295559.
11, 97, 277
What are the prime factors of 1721905?
5, 521, 661
What are the prime factors of 96289?
96289
What are the prime factors of 6718210?
2, 5, 19, 1861
List the prime factors of 1311724.
2, 37, 8863
What are the prime factors of 7319939?
11, 61, 10909
What are the prime factors of 149256?
2, 3, 691
List the prime factors of 1599492.
2, 3, 41, 3251
List the prime factors of 11736062.
2, 13, 451387
List the prime factors of 1542338.
2, 7, 41, 2687
What are the prime factors of 8805374?
2, 307, 14341
List the prime factors of 410964.
2, 3, 23, 1489
What are the prime factors of 417678?
2, 3, 67, 1039
List the prime factors of 2316393.
3, 163, 1579
What are the prime factors of 6107927?
7, 872561
List the prime factors of 7913563.
7, 827, 1367
List the prime factors of 1777211.
47, 37813
What are the prime factors of 1983870?
2, 3, 5, 7, 47, 67
List the prime factors of 4237655.
5, 847531
What are the prime factors of 7161828?
2, 3, 17, 35107
List the prime factors of 8011252.
2, 61, 32833
List the prime factors of 1820260.
2, 5, 13, 7001
What are the prime factors of 2146775?
5, 43, 1997
List the prime factors of 195773.
137, 1429
List the prime factors of 17965680.
2, 3, 5, 74857
What are the prime factors of 414127?
7, 67, 883
What are the prime factors of 367585?
5, 73517
List the prime factors of 444989.
373, 1193
What are the prime factors of 2680285?
5, 536057
List the prime factors of 3600358.
2, 1800179
What are the prime factors of 9688223?
101, 95923
What are the prime factors of 6309869?
37, 170537
List the prime factors of 392787.
3, 19, 2297
List the prime factors of 1632326.
2, 816163
List the prime factors of 967466.
2, 483733
What are the prime factors of 2775211?
1553, 1787
List the prime factors of 1089195.
3, 5, 72613
What are the prime factors of 14816324?
2, 23, 161047
List the prime factors of 1519537.
563, 2699
List the prime factors of 1554131.
643, 2417
List the prime factors of 14401948.
2, 11, 327317
What are the prime factors of 52855?
5, 11, 31
What are the prime factors of 5422547?
13, 417119
List the prime factors of 484879.
67, 7237
What are the prime factors of 8092638?
2, 3, 449591
List the prime factors of 915822.
2, 3, 83, 613
What are the prime factors of 1539728?
2, 96233
What are the prime factors of 6077378?
2, 19, 159931
What are the prime factors of 12832262?
2, 41, 156491
What are the prime factors of 465396?
2, 3, 38783
List the prime factors of 39301663.
367, 107089
What are the prime factors of 61082?
2, 7, 4363
List the prime factors of 6547067.
233, 28099
What are the prime factors of 26102967?
3, 11, 71909
What are the prime factors of 641905?
5, 11, 1061
What are the prime factors of 1674445?
5, 334889
What are the prime factors of 211848?
2, 3, 7, 13, 97
List the prime factors of 8964467.
8964467
What are the prime factors of 224354?
2, 13, 8629
What are the prime factors of 3175569?
3, 352841
List the prime factors of 1956423.
3, 7, 13309
What are the prime factors of 2145848?
2, 347, 773
What are the prime factors of 27643?
7, 11, 359
List the prime factors of 673475.
5, 11, 31, 79
What are the prime factors of 6664536?
2, 3, 151, 613
List the prime factors of 25744688.
2, 1609043
List the prime factors of 26488157.
23, 1151659
What are the prime factors of 127635?
3, 5, 67, 127
List the prime factors of 11352563.
11352563
What are the prime factors of 113014?
2, 11, 467
What are the prime factors of 1603753?
859, 1867
What are the prime factors of 1196540?
2, 5, 29, 2063
What are the prime factors of 1043400?
2, 3, 5, 37, 47
List the prime factors of 6825919.
6825919
What are the prime factors of 11587063?
11587063
List the prime factors of 82164.
2, 3, 41, 167
What are the prime factors of 145883?
113, 1291
What are the prime factors of 8643568?
2, 593, 911
List the prime factors of 939905.
5, 317, 593
List the prime factors of 115012.
2, 28753
List the prime factors of 2081820.
2, 3, 5, 13, 17, 157
List the prime factors of 7740896.
2, 241903
List the prime factors of 1128671.
397, 2843
List the prime factors of 440632.
2, 55079
What are the prime factors of 279210?
2, 3, 5, 41, 227
What are the prime factors of 2811949?
7, 401707
What are the prime factors of 6951904?
2, 53, 4099
List the prime factors of 1057383.
3, 17, 6911
What are the prime factors of 762533?
37, 557
List the prime factors of 546935.
5, 109387
List the prime factors of 20729.
19, 1091
List the prime factors of 79208.
2, 9901
List the prime factors of 2403284.
2, 13, 113, 409
What are the prime factors of 3109015?
5, 7, 13, 6833
What are the prime factors of 13442567?
601, 22367
What are the prime factors of 5053127?
37, 41, 3331
What are the prime factors of 142935?
3, 5, 13, 733
What are the prime factors of 2041747?
71, 149, 193
List the prime factors of 424544.
2, 13267
List the prime factors of 389300.
2, 5, 17, 229
What are the prime factors of 6121332?
2, 3, 7, 2699
What are the prime factors of 157161?
3, 52387
What are the prime factors of 1059796?
2, 264949
List the prime factors of 1446956.
2, 7, 31, 1667
List the prime factors of 12990634.
2, 397, 16361
What are the prime factors of 280629?
3, 31181
What are the prime factors of 1714448?
2, 83, 1291
List the prime factors of 15503.
37, 419
What are the prime factors of 646285?
5, 19, 6803
List the prime factors of 177293.
17, 10429
List the prime factors of 642468.
2, 3, 37, 1447
What are the prime factors of 2544334?
2, 13, 97859
What are the prime factors of 585004?
2, 7, 17, 1229
What are the prime factors of 9888?
2, 3, 103
What are the prime factors of 6946617?
3, 2315539
List the prime factors of 4106995.
5, 23, 71, 503
What are the prime factors of 188860?
2, 5, 7, 19, 71
What are the prime factors of